by 33?
31
Let p(t) be the third derivative of -t**5/20 + t**4/12 + 2*t**3/3 - 33*t**2. Let u be p(-1). Calculate the remainder when 59 is divided by (14 - -17)/(0 - u).
28
Let h(k) = 9*k**2 + 120*k - 10. What is the remainder when h(-14) is divided by (-10)/(-3)*(-96)/(-20)?
10
Let h be (8 - 4 - 3)/(3/9). Suppose -f - 15 = -h*v + 74, -v + 15 = -4*f. What is the remainder when 59 is divided by v?
28
Suppose -838 = 14*j + 2830. Let n = 279 + j. Suppose -4*m + 128 = -0*m. Calculate the remainder when m is divided by n.
15
Let u(d) = 2*d + 20. Let b = 60 - 68. Calculate the remainder when 5 is divided by u(b).
1
Suppose -12*n + 2584 + 5444 = 0. Let v = -490 + n. Calculate the remainder when v is divided by 37.
31
Let b = -6505 + 6586. Calculate the remainder when b is divided by 31.
19
Let a be (-11)/(-66) - (2 - (-53590)/(-12)). Suppose -27*f + a = -11*f. Calculate the remainder when f is divided by 19.
13
Let s(b) = -1593*b + 11162. What is the remainder when 712 is divided by s(7)?
8
Suppose 5*n + 6*n - 55 = 0. Suppose -697 + 127 = -n*v. Suppose v = 4*q - 3*x - 2*x, 3*q = -5*x + 103. What is the remainder when q is divided by 11?
9
Suppose -5*s + 0*s = -15. Suppose 5*w - 68 = 387. Calculate the remainder when w is divided by 23 + (0 - -3) - 6/s.
19
Let s be ((-8)/6)/((-1)/48). Suppose -5*v = -v - s. Suppose -376*j = -373*j - 5*w - 83, 4*w = 8. What is the remainder when j is divided by v?
15
Let v(a) = -408*a - 857. What is the remainder when v(-3) is divided by 97?
76
Suppose 6*f = -3 - 39. Let g = 24 + -17. Calculate the remainder when g is divided by 2/(-7) - (5 - (-51)/f).
1
Let u be 4/14 + 1240/(-28). Let n = -49 - u. Let i(y) = 2*y**3 + 11*y**2 - 3*y + 3. Calculate the remainder when 168 is divided by i(n).
39
Suppose 69*j + 13*j - 45916 = 185488. Calculate the remainder when j is divided by 311.
23
Suppose 29851 + 8759 = 33*d + 110*d. Calculate the remainder when d is divided by 107.
56
Let x = -162 + -43. Calculate the remainder when 63 is divided by x/(-4) + (216/32 - 7).
12
Let n = 229 - 192. Let z = n + -15. Let h = -2 - -110. Calculate the remainder when h is divided by z.
20
Let s = 82 - 98. Let x(n) = n**3 + 17*n**2 - 5*n + 3. What is the remainder when x(s) is divided by 18?
15
Suppose r + r - 3*w + 3 = 0, -5*r - 5*w + 30 = 0. Suppose -5*u + r + 7 = 0. Calculate the remainder when 1 - (7/(-1) - ((-207)/(-9) - 18)) is divided by u.
1
Let f be (8 + (-3)/3)*-1. Let g(v) = v**2 - v + 18. Calculate the remainder when 216 is divided by g(f).
68
Let n = 16 - 6. Let g = -3277 + 3296. Calculate the remainder when g is divided by n.
9
Let l(n) = -26*n - 79. Let o(i) = i**2 - 4*i - 47. Let a(q) = q + 1. Let z(t) = -4*a(t) - o(t). What is the remainder when z(0) is divided by l(-4)?
18
Let o(w) = -w + 1. Let y(t) = -3*t + 3. Let v(k) = 11*o(k) - 4*y(k). Let b(u) = 6*u + 17. What is the remainder when b(7) is divided by v(22)?
17
Let b(d) = -2*d - 2. Calculate the remainder when 303 is divided by b(-21).
23
Let b(m) = 125*m + 10. Let v be b(1). Let i = -70 + v. What is the remainder when i is divided by 15?
5
Suppose 4 = v - 0. Let d = 18279 - 18271. What is the remainder when d is divided by v?
0
Let o(x) = -x**3 - 33*x**2 - 58*x + 200. What is the remainder when 6077 is divided by o(-31)?
73
Let z = -656 + 723. Calculate the remainder when 5625 is divided by z.
64
Let b be 16/(-24) - 4/((-36)/33). Suppose -217 = -b*i - 97. Calculate the remainder when i is divided by 8.
0
Suppose -11*m = -16*m + 4*p, -3*m = 5*p - 37. Suppose -3*x - z = -4*x + 29, 0 = 2*x - 4*z - 50. Calculate the remainder when x is divided by m.
1
Suppose -3*j + 921 = -3*g, -5*j - g + 1519 = 2*g. Calculate the remainder when 621 is divided by j.
11
Suppose 2*y + 347*b - 591 = 346*b, -3*y + 3*b = -882. Calculate the remainder when y is divided by 72.
7
Let f(x) = x**3 - 47*x**2 + 15*x - 1537. Calculate the remainder when f(48) is divided by 16.
15
Suppose -3*g - 10 = -2*g - 5*o, -g - 4*o + 17 = 0. Suppose 5*v + z - 92 = 17, g*z = -4*v + 104. What is the remainder when 206 is divided by v?
17
Let h(q) = -8*q - 282. Let i(m) = m**3 - 15*m + 9. Calculate the remainder when h(-36) is divided by i(-4).
1
Suppose 0 = -0*x - x - y + 31, 5*x + 3*y = 161. Suppose x + 44 = 6*z. Suppose d + 1 = -c + 5*c, 20 = 2*d + 3*c. Calculate the remainder when z is divided by d.
6
Suppose 5*r + 4*o + 30 = 0, -6 = -3*r + 4*r + 4*o. Let i(l) = l + 22. Calculate the remainder when 76 is divided by i(r).
12
Suppose 0 = -3*y - 5 - 19. Let o be (-7 - -3)*30/y. Let f = o + -7. Calculate the remainder when 15 is divided by f.
7
Suppose 4*u + 13 = 53. Let w be ((-495)/(-132))/(6/16). What is the remainder when w/3 + -3 + (-1032)/(-36) is divided by u?
9
Let w(l) = -20*l + 85. Calculate the remainder when 2660 is divided by w(1).
60
Let r = -304 - -333. What is the remainder when 93 is divided by r?
6
Let x(t) = 3*t**2 + 467*t - 3157. Calculate the remainder when x(7) is divided by 81.
16
Let r = 189 + -183. Suppose 2*g = -6, -g + r = d + 2. What is the remainder when 20 is divided by d?
6
Suppose -89*p + 85*p + 348 = -4*f, f + p = -85. Calculate the remainder when (-15)/4*16/(-2) is divided by f/(-14) - (-240)/280.
2
Let w(d) = 4*d**2 - 2*d + 1. Let m be w(1). Suppose -19*l + 3497 = 3326. Calculate the remainder when l is divided by ((-1)/m)/((-3)/27).
0
Let s = -30044 - -30124. What is the remainder when 396 is divided by s?
76
Suppose -5*d + h + 1956 = 0, -2*h - 834 - 327 = -3*d. What is the remainder when 800 is divided by d?
14
Let p = 295 - 205. Suppose 0*c = 6*c - p. Suppose -w = 3*w - 352. What is the remainder when w is divided by c?
13
Let a(v) = v**3 - v**2 - v - 10. Let h be a(0). Let j = 16 + h. Suppose -z + 2*s + 1 = 0, -2*z + 46 = 5*s - 1. What is the remainder when z is divided by j?
5
Let t(w) = 9*w - 12. Let n be t(15). Suppose 3*a + 3*g = 96, 2*g + n = 4*a + 5*g. Calculate the remainder when a is divided by 15.
12
Suppose 11 - 151 = -5*w. Let u be (-6)/(7 + 10/(-1)). Calculate the remainder when w is divided by 13 + (u - 2/(-1)) + 0.
11
Let o = -206 - -269. What is the remainder when 11565/o + (-20)/35 is divided by 57?
12
Let n = -6466 - -6495. Calculate the remainder when 1205 is divided by n.
16
Let a = -79 - -122. Suppose -22*v - 357 = -a*v. Suppose -2*w = 2*b - 140, 4*b = 2*b - 5*w + 152. What is the remainder when b is divided by v?
15
Let n = 6821 + 33382. What is the remainder when n is divided by 38?
37
Suppose 10*h + 41*h = 7*h + 792. Calculate the remainder when 192 is divided by h.
12
Suppose 4*g + 160 = 19*g - 7*g. Calculate the remainder when 8072 is divided by g.
12
Suppose 22*x - 289 - 1581 = 0. Suppose 2*l = -x + 615. Calculate the remainder when l is divided by 67.
64
Suppose 3 = -4*z + 99. Suppose -5*r - 306 = k, k + 3*k + 1104 = 4*r. Calculate the remainder when k/(-3) - 14/21 is divided by z.
21
Suppose 3*i + 5*p - 97 = 0, -4*p - 34 = -6. Suppose -2*k = 2*k - 696. What is the remainder when k is divided by i?
42
Let x = 86 - 66. Suppose x = 7*r - 3*r. Suppose -5*t = -3*g - 110 + 485, 625 = r*g + 5*t. Calculate the remainder when g is divided by 16.
13
Let f = -2126 - -2138. Calculate the remainder when 815 is divided by f.
11
Let a be ((-99)/2)/((-42)/56). Suppose 21*w + 3*v - a = 18*w, 0 = -3*w - 4*v + 70. What is the remainder when 54 is divided by w?
0
Suppose 3*f - 3*n = 45, -3*n = -3*f - 2*n + 53. Suppose 422 = 3*p - f. Calculate the remainder when p is divided by 41.
24
Calculate the remainder when 876 is divided by (-14 - -5) + 2 + 651/3.
36
Let g(m) be the first derivative of 13*m**3/3 - m**2/2 - m + 3. Let z = 32 - -17. Calculate the remainder when z is divided by g(-1).
10
Let o = -3501 + 3567. What is the remainder when 78 is divided by o?
12
Let b(f) = f**2 + 43*f - 56. Let z be b(-39). Let g = z - -343. What is the remainder when g is divided by 61?
9
Let v(s) = -s**2 - 10*s - 20. Let n be v(-6). Suppose 6*b - f + 51 = 9*b, 3*f - 63 = -n*b. Suppose -t = -15 - 14. What is the remainder when t is divided by b?
11
Let q = 282 - 32. Suppose -2*y - 136 = -q. What is the remainder when y is divided by 18?
3
Suppose -3*p + 3*x = -1110, -3*p - 27*x + 1019 = -23*x. Let o = 48 - 24. Calculate the remainder when p is divided by o.
21
Suppose -5*i - 5*y = -110,